{"id":226,"date":"2021-07-14T21:51:12","date_gmt":"2021-07-14T21:51:12","guid":{"rendered":"https:\/\/aprenderpnl.com\/cursodepnl\/?page_id=226"},"modified":"2025-03-01T11:59:49","modified_gmt":"2025-03-01T11:59:49","slug":"curso-de-pnl-aprender-pnl","status":"publish","type":"page","link":"https:\/\/aprenderpnl.com\/cursodepnl\/","title":{"rendered":"Curso de PNL"},"content":{"rendered":"","protected":false},"excerpt":{"rendered":"","protected":false},"author":1,"featured_media":0,"parent":0,"menu_order":0,"comment_status":"closed","ping_status":"closed","template":"","meta":{"footnotes":""},"class_list":["post-226","page","type-page","status-publish","hentry","entry"],"yoast_head":"<!-- This site is optimized with the Yoast SEO plugin v26.9 - https:\/\/yoast.com\/product\/yoast-seo-wordpress\/ -->\n<title>Curso de PNL - Aprender PNL<\/title>\n<meta name=\"description\" content=\"Curso de PNL Descubre C\u00f3mo Lograr Cambios Profundos y Resultados Excelentes en Tu Vida Personal y Laboral Aplicando PNL de la Manera M\u00e1s Pr\u00e1ctica, Sencilla y Efectiva!\" \/>\n<meta name=\"robots\" content=\"index, follow, max-snippet:-1, max-image-preview:large, max-video-preview:-1\" \/>\n<link rel=\"canonical\" href=\"https:\/\/aprenderpnl.com\/cursodepnl\/\" \/>\n<meta property=\"og:locale\" content=\"es_ES\" \/>\n<meta property=\"og:type\" content=\"article\" \/>\n<meta property=\"og:title\" content=\"Curso de PNL - Aprender PNL\" \/>\n<meta property=\"og:description\" content=\"Curso de PNL Descubre C\u00f3mo Lograr Cambios Profundos y Resultados Excelentes en Tu Vida Personal y Laboral Aplicando PNL de la Manera M\u00e1s Pr\u00e1ctica, Sencilla y Efectiva!\" \/>\n<meta property=\"og:url\" content=\"https:\/\/aprenderpnl.com\/cursodepnl\/\" \/>\n<meta property=\"og:site_name\" content=\"Aprender PNL\" \/>\n<meta property=\"article:modified_time\" content=\"2025-03-01T11:59:49+00:00\" \/>\n<meta property=\"og:image\" content=\"https:\/\/aprenderpnl.com\/cursodepnl\/wp-content\/plugins\/optimizePressPlugin\/lib\/assets\/images\/divider\/shadow-ornament.png\" \/>\n<meta name=\"twitter:card\" content=\"summary_large_image\" \/>\n<script type=\"application\/ld+json\" class=\"yoast-schema-graph\">{\"@context\":\"https:\/\/schema.org\",\"@graph\":[{\"@type\":\"WebPage\",\"@id\":\"https:\/\/aprenderpnl.com\/cursodepnl\/\",\"url\":\"https:\/\/aprenderpnl.com\/cursodepnl\/\",\"name\":\"Curso de PNL - Aprender PNL\",\"isPartOf\":{\"@id\":\"https:\/\/aprenderpnl.com\/cursodepnl\/#website\"},\"primaryImageOfPage\":{\"@id\":\"https:\/\/aprenderpnl.com\/cursodepnl\/#primaryimage\"},\"image\":{\"@id\":\"https:\/\/aprenderpnl.com\/cursodepnl\/#primaryimage\"},\"thumbnailUrl\":\"https:\/\/aprenderpnl.com\/cursodepnl\/wp-content\/plugins\/optimizePressPlugin\/lib\/assets\/images\/divider\/shadow-ornament.png\",\"datePublished\":\"2021-07-14T21:51:12+00:00\",\"dateModified\":\"2025-03-01T11:59:49+00:00\",\"description\":\"Curso de PNL Descubre C\u00f3mo Lograr Cambios Profundos y Resultados Excelentes en Tu Vida Personal y Laboral Aplicando PNL de la Manera M\u00e1s Pr\u00e1ctica, Sencilla y Efectiva!\",\"breadcrumb\":{\"@id\":\"https:\/\/aprenderpnl.com\/cursodepnl\/#breadcrumb\"},\"inLanguage\":\"es\",\"potentialAction\":[{\"@type\":\"ReadAction\",\"target\":[\"https:\/\/aprenderpnl.com\/cursodepnl\/\"]}]},{\"@type\":\"ImageObject\",\"inLanguage\":\"es\",\"@id\":\"https:\/\/aprenderpnl.com\/cursodepnl\/#primaryimage\",\"url\":\"https:\/\/aprenderpnl.com\/cursodepnl\/wp-content\/plugins\/optimizePressPlugin\/lib\/assets\/images\/divider\/shadow-ornament.png\",\"contentUrl\":\"https:\/\/aprenderpnl.com\/cursodepnl\/wp-content\/plugins\/optimizePressPlugin\/lib\/assets\/images\/divider\/shadow-ornament.png\"},{\"@type\":\"BreadcrumbList\",\"@id\":\"https:\/\/aprenderpnl.com\/cursodepnl\/#breadcrumb\",\"itemListElement\":[{\"@type\":\"ListItem\",\"position\":1,\"name\":\"Portada\",\"item\":\"https:\/\/aprenderpnl.com\/cursodepnl\/\"},{\"@type\":\"ListItem\",\"position\":2,\"name\":\"Curso de PNL\"}]},{\"@type\":\"WebSite\",\"@id\":\"https:\/\/aprenderpnl.com\/cursodepnl\/#website\",\"url\":\"https:\/\/aprenderpnl.com\/cursodepnl\/\",\"name\":\"Aprender PNL\",\"description\":\"Curso de PNL Desde Cero\",\"potentialAction\":[{\"@type\":\"SearchAction\",\"target\":{\"@type\":\"EntryPoint\",\"urlTemplate\":\"https:\/\/aprenderpnl.com\/cursodepnl\/?s={search_term_string}\"},\"query-input\":{\"@type\":\"PropertyValueSpecification\",\"valueRequired\":true,\"valueName\":\"search_term_string\"}}],\"inLanguage\":\"es\"}]}<\/script>\n<!-- \/ Yoast SEO plugin. -->","yoast_head_json":{"title":"Curso de PNL - Aprender PNL","description":"Curso de PNL Descubre C\u00f3mo Lograr Cambios Profundos y Resultados Excelentes en Tu Vida Personal y Laboral Aplicando PNL de la Manera M\u00e1s Pr\u00e1ctica, Sencilla y Efectiva!","robots":{"index":"index","follow":"follow","max-snippet":"max-snippet:-1","max-image-preview":"max-image-preview:large","max-video-preview":"max-video-preview:-1"},"canonical":"https:\/\/aprenderpnl.com\/cursodepnl\/","og_locale":"es_ES","og_type":"article","og_title":"Curso de PNL - Aprender PNL","og_description":"Curso de PNL Descubre C\u00f3mo Lograr Cambios Profundos y Resultados Excelentes en Tu Vida Personal y Laboral Aplicando PNL de la Manera M\u00e1s Pr\u00e1ctica, Sencilla y Efectiva!","og_url":"https:\/\/aprenderpnl.com\/cursodepnl\/","og_site_name":"Aprender PNL","article_modified_time":"2025-03-01T11:59:49+00:00","og_image":[{"url":"https:\/\/aprenderpnl.com\/cursodepnl\/wp-content\/plugins\/optimizePressPlugin\/lib\/assets\/images\/divider\/shadow-ornament.png","type":"","width":"","height":""}],"twitter_card":"summary_large_image","schema":{"@context":"https:\/\/schema.org","@graph":[{"@type":"WebPage","@id":"https:\/\/aprenderpnl.com\/cursodepnl\/","url":"https:\/\/aprenderpnl.com\/cursodepnl\/","name":"Curso de PNL - Aprender PNL","isPartOf":{"@id":"https:\/\/aprenderpnl.com\/cursodepnl\/#website"},"primaryImageOfPage":{"@id":"https:\/\/aprenderpnl.com\/cursodepnl\/#primaryimage"},"image":{"@id":"https:\/\/aprenderpnl.com\/cursodepnl\/#primaryimage"},"thumbnailUrl":"https:\/\/aprenderpnl.com\/cursodepnl\/wp-content\/plugins\/optimizePressPlugin\/lib\/assets\/images\/divider\/shadow-ornament.png","datePublished":"2021-07-14T21:51:12+00:00","dateModified":"2025-03-01T11:59:49+00:00","description":"Curso de PNL Descubre C\u00f3mo Lograr Cambios Profundos y Resultados Excelentes en Tu Vida Personal y Laboral Aplicando PNL de la Manera M\u00e1s Pr\u00e1ctica, Sencilla y Efectiva!","breadcrumb":{"@id":"https:\/\/aprenderpnl.com\/cursodepnl\/#breadcrumb"},"inLanguage":"es","potentialAction":[{"@type":"ReadAction","target":["https:\/\/aprenderpnl.com\/cursodepnl\/"]}]},{"@type":"ImageObject","inLanguage":"es","@id":"https:\/\/aprenderpnl.com\/cursodepnl\/#primaryimage","url":"https:\/\/aprenderpnl.com\/cursodepnl\/wp-content\/plugins\/optimizePressPlugin\/lib\/assets\/images\/divider\/shadow-ornament.png","contentUrl":"https:\/\/aprenderpnl.com\/cursodepnl\/wp-content\/plugins\/optimizePressPlugin\/lib\/assets\/images\/divider\/shadow-ornament.png"},{"@type":"BreadcrumbList","@id":"https:\/\/aprenderpnl.com\/cursodepnl\/#breadcrumb","itemListElement":[{"@type":"ListItem","position":1,"name":"Portada","item":"https:\/\/aprenderpnl.com\/cursodepnl\/"},{"@type":"ListItem","position":2,"name":"Curso de PNL"}]},{"@type":"WebSite","@id":"https:\/\/aprenderpnl.com\/cursodepnl\/#website","url":"https:\/\/aprenderpnl.com\/cursodepnl\/","name":"Aprender PNL","description":"Curso de PNL Desde Cero","potentialAction":[{"@type":"SearchAction","target":{"@type":"EntryPoint","urlTemplate":"https:\/\/aprenderpnl.com\/cursodepnl\/?s={search_term_string}"},"query-input":{"@type":"PropertyValueSpecification","valueRequired":true,"valueName":"search_term_string"}}],"inLanguage":"es"}]}},"_links":{"self":[{"href":"https:\/\/aprenderpnl.com\/cursodepnl\/wp-json\/wp\/v2\/pages\/226","targetHints":{"allow":["GET"]}}],"collection":[{"href":"https:\/\/aprenderpnl.com\/cursodepnl\/wp-json\/wp\/v2\/pages"}],"about":[{"href":"https:\/\/aprenderpnl.com\/cursodepnl\/wp-json\/wp\/v2\/types\/page"}],"author":[{"embeddable":true,"href":"https:\/\/aprenderpnl.com\/cursodepnl\/wp-json\/wp\/v2\/users\/1"}],"replies":[{"embeddable":true,"href":"https:\/\/aprenderpnl.com\/cursodepnl\/wp-json\/wp\/v2\/comments?post=226"}],"version-history":[{"count":349,"href":"https:\/\/aprenderpnl.com\/cursodepnl\/wp-json\/wp\/v2\/pages\/226\/revisions"}],"predecessor-version":[{"id":795,"href":"https:\/\/aprenderpnl.com\/cursodepnl\/wp-json\/wp\/v2\/pages\/226\/revisions\/795"}],"wp:attachment":[{"href":"https:\/\/aprenderpnl.com\/cursodepnl\/wp-json\/wp\/v2\/media?parent=226"}],"curies":[{"name":"wp","href":"https:\/\/api.w.org\/{rel}","templated":true}]}}